2 - 17 - 66*p**3 + 68*p**3 - 10*p. What is the remainder when c(8) is divided by g?
14
Let y be (16/24 - (-9)/(-3))*-6. Suppose -y*x = -18*x + 80. Calculate the remainder when 34 is divided by x.
14
Suppose -3*d + 1302 = 513. Let x = -238 + d. Let f = 150 - 79. What is the remainder when f is divided by x?
21
Let o = 428 + -423. Suppose -n - 7 = -4*j - 4, -o*j + 76 = 3*n. What is the remainder when n is divided by (6*(-6)/4)/(-1)?
8
Suppose -2*j - 1 = 3*f, -6 = 2*f + 5*j + 13. Calculate the remainder when 127 is divided by 1 + -3 + f + (20 - -5).
23
Suppose m + 9 = 4*i - 2*i, 2*m + 6 = -2*i. Suppose 3*t = -5*l + i + 22, -12 = -4*l. Calculate the remainder when 88 is divided by t.
1
Suppose -2*j - 878 + 990 = -h, 218 = 4*j + h. What is the remainder when 261 is divided by j?
41
Suppose 0 = -2*b - 4*m + 558, -3*m = -6 - 3. What is the remainder when 33540/b - (-6)/(-7) is divided by 11?
1
Let p = -1267 - -2945. What is the remainder when p is divided by 35?
33
Let n = 11 + -6. Suppose 5*p = -n*x + 95, -61 = -5*p + 4*x - 11. Calculate the remainder when (-2 - -3)/(26205/1455 - 18) is divided by p.
13
Let f = -16 - 14. Suppose -373 = r - 4*h - 412, 4*r = -3*h + 175. Let z = f + r. Calculate the remainder when 34 is divided by z.
8
Suppose -2*q - 4*s + 270 = -q, -2*s + 260 = q. Calculate the remainder when q is divided by 12/14*(-931)/(-10 - 9).
40
Suppose 5*c + 3 = -3*p + 57, -5*p - 30 = -5*c. Suppose 175 = 2*r + 4*h + c, 3*h = -5*r + 408. What is the remainder when 235 is divided by r?
73
Let v = 835 + -781. Calculate the remainder when (-2)/((-1)/4 + 978/4104) is divided by v.
9
Let l = -109 + 473. Let o = -1997 - -1994. Calculate the remainder when o/2*l/(-21)*1 is divided by 10.
6
Let z(p) = 3*p**3 - 3*p**2 - 2*p + 10. Suppose 3*a = -7*a. Suppose a = -5*i - s + 18, -i + 5*s = -6*i + 30. Calculate the remainder when z(i) is divided by 12.
10
Suppose 36*f - 532 - 1312 = 136. What is the remainder when 382 is divided by f?
52
Let o(q) = -q**2 - 23*q + 24. Let c be o(-12). Let h = c - 101. Calculate the remainder when 164 is divided by h.
54
Calculate the remainder when 2*(2 - 1) - -5 is divided by (19/228)/(9/324).
1
Suppose 11*z + 33 = 22*z. Suppose -z*y - 4*k = -105, -8*y + 11*y + 5*k - 105 = 0. Calculate the remainder when 64 is divided by y.
29
Let n = -269221 - -269245. Let l(z) = 2*z**3 - 9*z**2 + 3*z - 4. Let h be l(6). Let y = -54 + h. Calculate the remainder when y is divided by n.
20
Suppose 150*z = 181*z - 29574. Calculate the remainder when z is divided by 96.
90
Let j(c) = 8*c + 7. Let f(r) = 7*r**2 + 28*r + 54. What is the remainder when j(7) is divided by f(-2)?
11
Suppose 567 = 13*j - 455 - 564. What is the remainder when 486 is divided by j?
120
Suppose 4*h - 238 = 6. Suppose 1416 = -230*j + 242*j. What is the remainder when j is divided by h?
57
Suppose 4*t - 48 = -36. Calculate the remainder when (3/t)/((-6)/(-1368)*6) is divided by 22.
16
Let x(w) = -10*w**2 - 103*w - 16. Calculate the remainder when 207 is divided by x(-10).
11
Let r = 226 - 222. Suppose -563 = -3*c + r*a, 5 = 5*a - 0*a. Calculate the remainder when c is divided by 19.
18
Suppose -28*h + 144 = -22*h. Suppose -3*f - 2100 = 3*g - 6*g, 2*g - f - 1397 = 0. Suppose g = 5*j + 117. Calculate the remainder when j is divided by h.
20
Let v = -55 + 95. Suppose 0 = 2*q - 8, -4*d + q + 2*q = -v. Suppose -44 = -w + 31. What is the remainder when w is divided by d?
10
Suppose 46*v + 41*v - 163 = 98. Let f = 7 + 7. Calculate the remainder when f is divided by v.
2
Suppose -f + 10 = -1. Let m = 63183 + -63164. What is the remainder when m is divided by f?
8
Suppose -11*u + 248 - 39 = 0. Suppose 0 = -2*v + 5*j + 25, -2*v - 3*j + 14 = -u. Suppose v*z - 176 = 11*z. Calculate the remainder when z is divided by 6.
2
Let q be (50/20)/(5/412). Let v = q + -169. Calculate the remainder when 93 is divided by v.
19
Suppose c = -2*x + 51, 47 = 2*c + 5*x - 51. What is the remainder when 1001 is divided by c?
57
Let h(l) = l**3 + 16*l**2 + 25*l - 35. Let b be h(-12). Let k = 578 - b. What is the remainder when k is divided by 17?
14
What is the remainder when 664 is divided by -10 + 137 + -14 + 21?
128
Suppose 4*w = 37 - 21. Calculate the remainder when 31 is divided by 171/(-38)*w/(-3).
1
Let v(i) = -67*i + 2759. Calculate the remainder when 771 is divided by v(41).
3
Let n be (84/(-63))/((-2)/(-3)). What is the remainder when ((-38)/10)/((-3)/15) is divided by (((-9)/(-4))/3)/(n/(-8))?
1
Suppose -3*f + 6*f - 63 = 0. Suppose -78*q - 162*q - 231 = -2151. Calculate the remainder when f is divided by q.
5
Let b be (8/(-6))/(((-128)/216)/8). Let z(h) = -5*h + 135. Suppose 2*g = -0*g + 12. Calculate the remainder when z(b) is divided by g.
3
Let h be (1 + -2)*92/4. Let i(m) = -14*m - 11. Calculate the remainder when i(h) is divided by 8.
7
Let f(j) = 6*j + 53. Let t = 112 - 116. Calculate the remainder when f(t) is divided by 7.
1
Let r(m) = -m**2 + 18*m + 171. Suppose -53 = -3*p + q, 4*p - 49 = -7*q + 4*q. Calculate the remainder when r(17) is divided by p.
12
Let g = -54 + 52. Let c = 96 - g. Calculate the remainder when c is divided by 36.
26
Let v(n) = 2*n**2 - 8*n + 9. Let s be v(5). Let m be (42/(-4))/(s/(-38)). Let j = m - 4. What is the remainder when 65 is divided by j?
14
Let a = 140 + -135. Calculate the remainder when (-20)/100 + 321/a + 4 is divided by 21.
5
Calculate the remainder when 1118 is divided by (33/(1056/400))/((-1)/4*-2).
18
Let b be (-7410)/18 + (-40)/30. What is the remainder when 170 is divided by 2*1*b/(-14)?
52
Let y = 24 + 28. Let q = y - 20. What is the remainder when 255 is divided by q?
31
Let z(g) = -12*g**3 + g**2. Let r(k) = k**3 + 20*k**2 - 3*k - 26. Calculate the remainder when z(-2) is divided by r(-20).
32
Let o = -7164 + 9151. Calculate the remainder when o is divided by 6.
1
Calculate the remainder when 834 is divided by 96 + 141 + 0/(-1).
123
Suppose 0 = -2*s, -6*z + 10*z + 2*s - 124 = 0. Let m(j) = j**2 + 4*j + 73. Calculate the remainder when m(0) is divided by z.
11
Let i(s) = s**2 + 8*s + 20. Suppose -20 = -n + 3*o - 60, 0 = 2*n - 3*o + 89. Let d = 44 + n. Calculate the remainder when 8 is divided by i(d).
3
Let v be (-18)/90 - (-558)/(-10). Let u = -33 - v. Let n = u - -1. Calculate the remainder when n is divided by 14.
10
Suppose u - 8 = -2*q, u - q = -5*q + 10. Suppose 38 = u*z - 10. What is the remainder when 34 is divided by (4/(96/(-78)))/((-2)/z)?
8
Let h be -70*((-8)/(-20)*-4 - 2). Suppose 6*f - h = 24. Calculate the remainder when f is divided by 8.
6
Let i = -7058 + 7076. Calculate the remainder when 272 is divided by i.
2
Let c = -849 + 2947. Calculate the remainder when c is divided by 12.
10
Let x = 19768 - 19719. Calculate the remainder when 281 is divided by x.
36
Let l = 2669 + -2476. Let g = 7 + 7. Calculate the remainder when l is divided by g.
11
Suppose 22294 - 4344 = 5*p + 5*z, -7*p + 25196 = -4*z. What is the remainder when p is divided by 100?
96
Let o be 139/3 + 28/42. Suppose -24 = -t - f, -2*f + 68 = 3*t - 6. What is the remainder when (2 - (-1 - -2))*(0 + o) is divided by t?
21
Let v(f) = f**2 - f + 29. Let c = 16 - 9. Calculate the remainder when v(c) is divided by 3.
2
Suppose 5*d + 5*m = 2*m + 17495, 0 = 5*d + m - 17485. Calculate the remainder when d is divided by 20.
16
Let v be -5 + 10 - 5 - -5. Suppose -v*t = 5*j - 12 - 43, -3*t + j = -25. Calculate the remainder when 59 is divided by t.
5
Suppose 5*r - 10 = 10. Suppose 0*w = -p + 2*w + 9, 5*w = -r*p - 3. Let t(v) = 11*v - 16. What is the remainder when 63 is divided by t(p)?
12
Calculate the remainder when (-17212)/(-44) - (288/132 + 2/(-1)) is divided by 167.
57
Let n = 1459 + -1394. What is the remainder when 394 is divided by n?
4
Suppose 8*n = 104 - 8. Calculate the remainder when (-1 - (0 - 3)) + 50 + -5 is divided by n.
11
Let k = 37 + -35. Let u(s) = 26*s**2 - 5. Suppose m - 11 - 23 = -r, 136 = 4*r + 5*m. Calculate the remainder when u(k) is divided by r.
31
Let z be (9/(-27))/((-1)/3). Let j(s) = 119*s. Suppose -4*t - f + 85 = 0, -2*f + 30 = -0*t + t. What is the remainder when j(z) is divided by t?
19
Let z = -9180 + 9216. What is the remainder when 1833 is divided by z?
33
Let o(r) = 3*r**2 + r + 1. Let i(a) = a**3 + 10*a**2 - 12*a + 13. What i